nder when 2441 is divided by 6.
5
What is the remainder when 252 is divided by 9?
0
Calculate the remainder when 30 is divided by 11.
8
Calculate the remainder when 127 is divided by 4.
3
Calculate the remainder when 1313 is divided by 47.
44
What is the remainder when 89 is divided by 6?
5
Calculate the remainder when 10 is divided by 1.
0
What is the remainder when 159 is divided by 33?
27
What is the remainder when 181 is divided by 92?
89
Calculate the remainder when 813 is divided by 162.
3
What is the remainder when 384 is divided by 137?
110
Calculate the remainder when 657 is divided by 66.
63
Calculate the remainder when 357 is divided by 239.
118
Calculate the remainder when 1233 is divided by 127.
90
Calculate the remainder when 237 is divided by 59.
1
What is the remainder when 67 is divided by 35?
32
What is the remainder when 233 is divided by 59?
56
What is the remainder when 766 is divided by 55?
51
Calculate the remainder when 1160 is divided by 77.
5
Calculate the remainder when 33 is divided by 12.
9
What is the remainder when 78 is divided by 53?
25
What is the remainder when 554 is divided by 37?
36
Calculate the remainder when 422 is divided by 121.
59
Calculate the remainder when 6974 is divided by 32.
30
What is the remainder when 129 is divided by 11?
8
What is the remainder when 592 is divided by 23?
17
What is the remainder when 335 is divided by 74?
39
Calculate the remainder when 3091 is divided by 17.
14
Calculate the remainder when 193 is divided by 59.
16
What is the remainder when 1781 is divided by 33?
32
Calculate the remainder when 234 is divided by 69.
27
Calculate the remainder when 430 is divided by 93.
58
What is the remainder when 220 is divided by 28?
24
Calculate the remainder when 9 is divided by 4.
1
Calculate the remainder when 304 is divided by 15.
4
What is the remainder when 4137 is divided by 30?
27
Calculate the remainder when 162 is divided by 21.
15
Calculate the remainder when 267 is divided by 53.
2
What is the remainder when 2358 is divided by 75?
33
What is the remainder when 205 is divided by 42?
37
What is the remainder when 1117 is divided by 33?
28
What is the remainder when 214 is divided by 55?
49
What is the remainder when 130 is divided by 59?
12
Calculate the remainder when 266 is divided by 228.
38
Calculate the remainder when 262 is divided by 64.
6
Calculate the remainder when 84 is divided by 36.
12
Calculate the remainder when 2467 is divided by 155.
142
Calculate the remainder when 7523 is divided by 35.
33
Calculate the remainder when 138 is divided by 87.
51
What is the remainder when 239 is divided by 81?
77
Calculate the remainder when 6830 is divided by 33.
32
Calculate the remainder when 781 is divided by 773.
8
What is the remainder when 906 is divided by 85?
56
Calculate the remainder when 1851 is divided by 309.
306
What is the remainder when 854 is divided by 96?
86
What is the remainder when 74 is divided by 45?
29
What is the remainder when 22 is divided by 9?
4
What is the remainder when 2339 is divided by 18?
17
What is the remainder when 13 is divided by 13?
0
What is the remainder when 40 is divided by 34?
6
What is the remainder when 1138 is divided by 203?
123
Calculate the remainder when 509 is divided by 86.
79
What is the remainder when 433 is divided by 32?
17
What is the remainder when 893 is divided by 50?
43
What is the remainder when 259 is divided by 16?
3
What is the remainder when 643 is divided by 57?
16
What is the remainder when 457 is divided by 27?
25
Calculate the remainder when 168 is divided by 20.
8
What is the remainder when 429 is divided by 6?
3
What is the remainder when 1065 is divided by 352?
9
What is the remainder when 1043 is divided by 9?
8
Calculate the remainder when 370 is divided by 93.
91
Calculate the remainder when 40 is divided by 15.
10
Calculate the remainder when 1588 is divided by 526.
10
Calculate the remainder when 269 is divided by 13.
9
Calculate the remainder when 803 is divided by 220.
143
What is the remainder when 46 is divided by 17?
12
What is the remainder when 106 is divided by 47?
12
Calculate the remainder when 4019 is divided by 20.
19
Calculate the remainder when 41 is divided by 14.
13
What is the remainder when 12534 is divided by 115?
114
What is the remainder when 333 is divided by 16?
13
What is the remainder when 99 is divided by 10?
9
What is the remainder when 146 is divided by 76?
70
What is the remainder when 30 is divided by 22?
8
What is the remainder when 371 is divided by 38?
29
Calculate the remainder when 961 is divided by 216.
97
What is the remainder when 1030 is divided by 342?
4
What is the remainder when 645 is divided by 13?
8
Calculate the remainder when 1438 is divided by 18.
16
What is the remainder when 890 is divided by 9?
8
What is the remainder when 206 is divided by 56?
38
What is the remainder when 3507 is divided by 117?
114
What is the remainder when 482 is divided by 6?
2
Calculate the remainder when 63 is divided by 37.
26
Calculate the remainder when 206 is divided by 44.
30
Calculate the remainder when 1389 is divided by 18.
3
Calculate the remainder when 177 is divided by 20.
17
Calculate the remainder when 209 is divided by 84.
41
What is the remainder when 3304 is divided by 29?
27
What is the remainder when 650 is divided by 116?
70
What is the remainder when 373 is divided by 45?
13
What is the remainder when 10617 is divided by 90?
87
What is the remainder when 466 is divided by 53?
42
What is the remainder when 3781 is divided by 11?
8
What is the remainder when 90 is divided by 28?
6
What is the remainder when 32 is divided by 22?
10
Calculate the remainder when 285 is divided by 29.
24
Calculate the remainder when 749 is divided by 21.
14
What is the remainder when 3444 is divided by 1143?
15
What is the remainder when 279 is divided by 2?
1
Calculate the remainder when 237 is divided by 80.
77
What is the remainder when 725 is divided by 133?
60
What is the remainder when 2989 is divided by 115?
114
Calculate the remainder when 234 is divided by 196.
38
What is the remainder when 167 is divided by 34?
31
What is the remainder when 153 is divided by 118?
35
What is the remainder when 80 is divided by 42?
38
Calculate the remainder when 719 is divided by 9.
8
Calculate the remainder when 4424 is divided by 369.
365
Calculate the remainder when 14311 is divided by 715.
11
What is the remainder when 510 is divided by 178?
154
What is the remainder when 266 is divided by 92?
82
Calculate the remainder when 999 is divided by 40.
39
What is the remainder when 156 is divided by 47?
15
What is the remainder when 5948 is divided by 18?
8
What is the remainder when 245 is divided by 41?
40
What is the remainder when 1579 is divided by 22?
17
What is the remainder when 593 is divided by 78?
47
Calculate the remainder when 852 is divided by 120.
12
Calculate the remainder when 288 is divided by 141.
6
What is the remainder when 216 is divided by 8?
0
Calculate the remainder when 170 is divided by 35.
30
What is the remainder when 1794 is divided by 225?
219
What is the remainder when 4083 is divided by 18?
15
What is the remainder when 486 is divided by 21?
3
Calculate the remainder when 188 is divided by 63.
62
What is the remainder when 279 is divided by 8?
7
What is the remainder when 214 is divided by 36?
34
What is the remainder when 1435 is divided by 144?
139
What is the remainder when 48 is divided by 30?
18
What is the remainder when 376 is divided by 36?
16
What is the remainder when 128 is divided by 37?
17
What is the remainder when 251 is divided by 4?
3
What is the remainder when 1345 is divided by 96?
1
Calculate the remainder when 20 is divided by 7.
6
Calculate the remainder when 384 is divided by 78.
72
Calculate the remainder when 630 is divided by 147.
42
What is the remainder when 149 is divided by 106?
43
What is the remainder when 213 is divided by 28?
17
Calculate the remainder when 62 is divided by 13.
10
What is the remainder when 65 is divided by 33?
32
Calculate the remainder when 2054 is divided by 89.
7
What is the remainder when 16971 is divided by 138?
135
Calculate the remainder when 4256 is divided by 43.
42
What is the remain